{"id":94,"date":"2023-07-10T13:21:58","date_gmt":"2023-07-10T11:21:58","guid":{"rendered":"https:\/\/rallye.arma01.fr\/?page_id=94"},"modified":"2025-11-17T14:59:11","modified_gmt":"2025-11-17T13:59:11","slug":"fonctionnement","status":"publish","type":"page","link":"https:\/\/rallye.arma01.fr\/?page_id=94","title":{"rendered":"Fonctionnement"},"content":{"rendered":"\n<p>Vous trouverez ci-dessous un document de synth\u00e8se qui vous donnera toutes les pr\u00e9cisions sur l&rsquo;organisation du rallye math\u00e9matique ainsi qu&rsquo;une foire aux questions qui pourra compl\u00e9ter vos informations. Vous pouvez \u00e9galement t\u00e9l\u00e9charger le calendrier du Rallye. <\/p>\n\n\n\n<div class=\"wp-block-file\"><a id=\"wp-block-file--media-7122f09c-c5f5-4ef5-8ccc-bdbe8e9a6075\" href=\"https:\/\/rallye.arma01.fr\/wp-content\/uploads\/2025\/11\/2025-2026-Calendrier-ARMA.pdf\">2025-2026 Calendrier ARMA<\/a><a href=\"https:\/\/rallye.arma01.fr\/wp-content\/uploads\/2025\/11\/2025-2026-Calendrier-ARMA.pdf\" class=\"wp-block-file__button wp-element-button\" download aria-describedby=\"wp-block-file--media-7122f09c-c5f5-4ef5-8ccc-bdbe8e9a6075\">T\u00e9l\u00e9charger<\/a><\/div>\n\n\n\n<div class=\"wp-block-file\"><a id=\"wp-block-file--media-5ef7ce76-506f-44af-bcd2-02638fd316aa\" href=\"https:\/\/rallye.arma01.fr\/wp-content\/uploads\/2025\/11\/2025-2026-Document-de-synthese.pdf\">2025-2026 Document de synth\u00e8se<\/a><a href=\"https:\/\/rallye.arma01.fr\/wp-content\/uploads\/2025\/11\/2025-2026-Document-de-synthese.pdf\" class=\"wp-block-file__button wp-element-button\" download aria-describedby=\"wp-block-file--media-5ef7ce76-506f-44af-bcd2-02638fd316aa\">T\u00e9l\u00e9charger<\/a><\/div>\n\n\n\n<div class=\"wp-block-file\"><a id=\"wp-block-file--media-928a5485-96a3-4615-8ce1-830d3c181aec\" href=\"https:\/\/rallye.arma01.fr\/wp-content\/uploads\/2025\/11\/Qui-sommes-nous-.pdf\">2025-2026 Qui sommes nous ? <\/a><a href=\"https:\/\/rallye.arma01.fr\/wp-content\/uploads\/2025\/11\/Qui-sommes-nous-.pdf\" class=\"wp-block-file__button wp-element-button\" download aria-describedby=\"wp-block-file--media-928a5485-96a3-4615-8ce1-830d3c181aec\">T\u00e9l\u00e9charger<\/a><\/div>\n\n\n\n<div class=\"wp-block-file\"><a id=\"wp-block-file--media-c79dabbf-0259-407e-8317-d91ae806741d\" href=\"https:\/\/rallye.arma01.fr\/wp-content\/uploads\/2025\/11\/2025-2026-foire_aux_questions.pdf\">2025-2026 foire_aux_questions<\/a><a href=\"https:\/\/rallye.arma01.fr\/wp-content\/uploads\/2025\/11\/2025-2026-foire_aux_questions.pdf\" class=\"wp-block-file__button wp-element-button\" download aria-describedby=\"wp-block-file--media-c79dabbf-0259-407e-8317-d91ae806741d\">T\u00e9l\u00e9charger<\/a><\/div>\n\n\n\n<p><\/p>\n","protected":false},"excerpt":{"rendered":"<p>Vous trouverez ci-dessous un document de synth\u00e8se qui vous donnera toutes les pr\u00e9cisions sur l&rsquo;organisation du rallye math\u00e9matique ainsi qu&rsquo;une foire aux questions qui pourra compl\u00e9ter vos informations. Vous pouvez \u00e9galement t\u00e9l\u00e9charger le calendrier du Rallye.<\/p>\n","protected":false},"author":1,"featured_media":0,"parent":0,"menu_order":0,"comment_status":"closed","ping_status":"closed","template":"","meta":{"_acf_changed":false,"footnotes":""},"class_list":["post-94","page","type-page","status-publish","hentry"],"acf":[],"_links":{"self":[{"href":"https:\/\/rallye.arma01.fr\/index.php?rest_route=\/wp\/v2\/pages\/94","targetHints":{"allow":["GET"]}}],"collection":[{"href":"https:\/\/rallye.arma01.fr\/index.php?rest_route=\/wp\/v2\/pages"}],"about":[{"href":"https:\/\/rallye.arma01.fr\/index.php?rest_route=\/wp\/v2\/types\/page"}],"author":[{"embeddable":true,"href":"https:\/\/rallye.arma01.fr\/index.php?rest_route=\/wp\/v2\/users\/1"}],"replies":[{"embeddable":true,"href":"https:\/\/rallye.arma01.fr\/index.php?rest_route=%2Fwp%2Fv2%2Fcomments&post=94"}],"version-history":[{"count":12,"href":"https:\/\/rallye.arma01.fr\/index.php?rest_route=\/wp\/v2\/pages\/94\/revisions"}],"predecessor-version":[{"id":542,"href":"https:\/\/rallye.arma01.fr\/index.php?rest_route=\/wp\/v2\/pages\/94\/revisions\/542"}],"wp:attachment":[{"href":"https:\/\/rallye.arma01.fr\/index.php?rest_route=%2Fwp%2Fv2%2Fmedia&parent=94"}],"curies":[{"name":"wp","href":"https:\/\/api.w.org\/{rel}","templated":true}]}}