{"id":80,"date":"2023-07-09T23:00:30","date_gmt":"2023-07-09T21:00:30","guid":{"rendered":"https:\/\/rallye.arma01.fr\/?page_id=80"},"modified":"2025-09-04T17:47:32","modified_gmt":"2025-09-04T15:47:32","slug":"rallye-maths","status":"publish","type":"page","link":"https:\/\/rallye.arma01.fr\/","title":{"rendered":"Rallye maths 2025-2026"},"content":{"rendered":"\n<p><\/p>\n\n\n\n<p>Nous sommes heureux de lancer cette nouvelle \u00e9dition du Rallye math\u00e9matique de l\u2019Ain.<\/p>\n\n\n\n<p>Le Rallye math\u00e9matique s\u2019adresse \u00e0 des classes d\u2019\u00e9cole ou de coll\u00e8ge de l\u2019Ain depuis le CE2 jusqu\u2019\u00e0 la 4e. Il propose des probl\u00e8mes math\u00e9matiques pour lesquels les \u00e9l\u00e8ves ne disposent pas d\u2019une solution imm\u00e9diate et qui conduisent \u00e0 inventer une strat\u00e9gie, \u00e0 essayer, \u00e0 v\u00e9rifier, \u00e0 expliquer sa solution. Un probl\u00e8me de rallye est donc un probl\u00e8me in\u00e9dit, riche et stimulant pour les \u00e9l\u00e8ves et il peut \u00eatre exploit\u00e9 en classe apr\u00e8s le concours. <\/p>\n\n\n\n<p>Le rallye se d\u00e9roule en plusieurs \u00e9tapes&nbsp;:<\/p>\n\n\n\n<p>\u2014&nbsp;<strong> Une p\u00e9riode et une \u00e9preuve d\u2019essais<\/strong>, avant fin d\u00e9cembre, pour d\u00e9terminer l\u2019int\u00e9r\u00eat de la classe et d\u00e9cider de son inscription. Cette \u00e9tape est plac\u00e9e sous l\u2019enti\u00e8re responsabilit\u00e9 des enseignantes et enseignants qui peuvent choisir les probl\u00e8mes parmi les \u00e9preuves publi\u00e9es sur le site. <\/p>\n\n\n\n<p>\u2014\u00a0<strong>L\u2019inscription avant la fin d\u00e9cembre 2025<\/strong> sur le site et sa confirmation par courrier avec le r\u00e8glement de la participation aux frais de 13 \u20ac par classe.<\/p>\n\n\n\n<p>\u2014\u00a0<strong>Une premi\u00e8re \u00e9preuve fin janvier 2026<\/strong> et sa correction en f\u00e9vrier. Les sujets seront disponibles sur le site et les corrections seront organis\u00e9es dans chaque circonscription pour les \u00e9coles, au niveau d\u00e9partemental pour les coll\u00e8ges.<\/p>\n\n\n\n<p>\u2014\u00a0<strong> Une deuxi\u00e8me \u00e9preuve courant mars 2026<\/strong> et sa correction en avril.<\/p>\n\n\n\n<p>\u2014\u00a0<strong>La finale le 4 juin 2026<\/strong> regroupant les classes concurrentes ayant obtenu les trois meilleurs scores dans les deux \u00e9preuves, au site de l\u2019Ain de l\u2019INSPE \u00e0 Bourg.<\/p>\n\n\n\n<p>Cette ann\u00e9e 2025-2026 voit la naissance d&rsquo;un nouveau Rallye math\u00e9matique francophone. Il regroupe pour l&rsquo;instant des classes de Belgique et du Luxembourg, ainsi que des \u00e9coles et coll\u00e8ges de Franche-Comt\u00e9. D\u00e8s cette ann\u00e9e, les \u00e9l\u00e8ves de ces d\u00e9partements et pays travailleront sur les m\u00eames \u00e9preuves. Depuis l&rsquo;ann\u00e9e scolaire derni\u00e8res, de nouveaux probl\u00e8mes sont \u00e9labor\u00e9s par chacune des sections. Cette ann\u00e9e encore chaque \u00e9preuve sera constitu\u00e9e de 5 probl\u00e8mes. <\/p>\n\n\n\n<p><\/p>\n\n\n\n<p>Alors \u00e0 vos marques, pr\u00eats, c\u2019est parti pour le rallye maths 2025-2026\u00a0! Nous esp\u00e9rons bien retrouver les habitu\u00e9s du rallye mais aussi accueillir de nouvelles classes et de nouveaux coll\u00e8gues.<\/p>\n\n\n\n<p><a href=\"https:\/\/rallye.arma01.fr\/?page_id=94\" data-type=\"page\" data-id=\"94\">Vous souhaitez plus d&rsquo;explications ? <strong>&gt;&gt;Fonctionnement<\/strong><\/a><\/p>\n\n\n\n<p><a href=\"https:\/\/rallye.arma01.fr\/?page_id=87\" data-type=\"page\" data-id=\"87\">Vous voulez essayer de r\u00e9soudre des probl\u00e8mes de rallye avec votre classe ? &gt;&gt;<strong>\u00c9preuves d&rsquo;essai<\/strong><\/a><\/p>\n\n\n\n<p><a href=\"https:\/\/rallye.arma01.fr\/?p=57\" data-type=\"post\" data-id=\"57\">\u00c7a y est, vous avez d\u00e9cid\u00e9 de vous inscrire ? &gt;&gt;<strong>Inscriptions<\/strong><\/a><\/p>\n\n\n\n<p><a href=\"https:\/\/rallye.arma01.fr\/?page_id=194\" data-type=\"page\" data-id=\"194\">Vous \u00eates inscrit et connect\u00e9 ? &gt;&gt;<strong>Acc\u00e8s aux \u00e9preuves<\/strong><\/a><\/p>\n","protected":false},"excerpt":{"rendered":"<p>Nous sommes heureux de lancer cette nouvelle \u00e9dition du Rallye math\u00e9matique de l\u2019Ain. Le Rallye math\u00e9matique s\u2019adresse \u00e0 des classes d\u2019\u00e9cole ou de coll\u00e8ge de l\u2019Ain depuis le CE2 jusqu\u2019\u00e0 la 4e. Il propose des probl\u00e8mes math\u00e9matiques pour lesquels les&#8230; <a class=\"more-link\" href=\"https:\/\/rallye.arma01.fr\/\">Continue Reading &rarr;<\/a><\/p>\n","protected":false},"author":1,"featured_media":0,"parent":0,"menu_order":0,"comment_status":"closed","ping_status":"closed","template":"","meta":{"_acf_changed":false,"footnotes":""},"class_list":["post-80","page","type-page","status-publish","hentry"],"acf":[],"_links":{"self":[{"href":"https:\/\/rallye.arma01.fr\/index.php?rest_route=\/wp\/v2\/pages\/80","targetHints":{"allow":["GET"]}}],"collection":[{"href":"https:\/\/rallye.arma01.fr\/index.php?rest_route=\/wp\/v2\/pages"}],"about":[{"href":"https:\/\/rallye.arma01.fr\/index.php?rest_route=\/wp\/v2\/types\/page"}],"author":[{"embeddable":true,"href":"https:\/\/rallye.arma01.fr\/index.php?rest_route=\/wp\/v2\/users\/1"}],"replies":[{"embeddable":true,"href":"https:\/\/rallye.arma01.fr\/index.php?rest_route=%2Fwp%2Fv2%2Fcomments&post=80"}],"version-history":[{"count":19,"href":"https:\/\/rallye.arma01.fr\/index.php?rest_route=\/wp\/v2\/pages\/80\/revisions"}],"predecessor-version":[{"id":525,"href":"https:\/\/rallye.arma01.fr\/index.php?rest_route=\/wp\/v2\/pages\/80\/revisions\/525"}],"wp:attachment":[{"href":"https:\/\/rallye.arma01.fr\/index.php?rest_route=%2Fwp%2Fv2%2Fmedia&parent=80"}],"curies":[{"name":"wp","href":"https:\/\/api.w.org\/{rel}","templated":true}]}}