{"id":47,"date":"2023-07-09T19:58:50","date_gmt":"2023-07-09T17:58:50","guid":{"rendered":"https:\/\/rallye.arma01.fr\/?page_id=47"},"modified":"2024-11-11T20:32:22","modified_gmt":"2024-11-11T19:32:22","slug":"mentions-legales","status":"publish","type":"page","link":"https:\/\/rallye.arma01.fr\/?page_id=47","title":{"rendered":"Mentions l\u00e9gales"},"content":{"rendered":"\n<p><strong>IDENTIFICATION DE L\u2019ASSOCIATION EDITRICE DU SITE<\/strong><\/p>\n\n\n\n<p>Association du rallye math\u00e9matique transalpin, section de Bourg-en-Bresse (ARMA01)<\/p>\n\n\n\n<p><img loading=\"lazy\" decoding=\"async\" src=\"http:\/\/arma01.fr\/rallye\/local\/cache-vignettes\/L8xH11\/puce-32883.gif?1606932841\" alt=\"-\" width=\"8\" height=\"11\">&nbsp;Association Loi 1901 &#8211;<\/p>\n\n\n\n<p>Adresse postale\u00a0:<br>Association Rallye Math\u00e9matique de l\u2019Ain<br>40 rue G\u00e9n\u00e9ral DELESTRAINT<br>01000 BOURG en BRESSE<br>M\u00e9l\u00a0: <a href=\"https:\/\/rallye.arma01.fr\/?page_id=49\" data-type=\"page\" data-id=\"49\">formulaire de contact<\/a><\/p>\n\n\n\n<p><strong>HEBERGEMENT<\/strong><\/p>\n\n\n\n<p>SAS OVH &#8211; <a href=\"http:\/\/www.ovh.com\">http:\/\/www.ovh.com<\/a><br>2 rue Kellermann<br>BP 80157<br>59100 Roubaix<br>T\u00e9l&nbsp;: +33 9 72 10 10 07<\/p>\n\n\n\n<p><strong>RESPONSABLE DE PUBLICATION<\/strong><\/p>\n\n\n\n<p>Karine Mitaux<br>Association Rallye Math\u00e9matique de l\u2019Ain<br>40 rue G\u00e9n\u00e9ral DELESTRAINT<br>01000 BOURG en BRESSE<br>M\u00e9l\u00a0: <a href=\"https:\/\/rallye.arma01.fr\/?page_id=49\" data-type=\"page\" data-id=\"49\">formulaire de contact<\/a><\/p>\n\n\n\n<p><strong>CONCEPTION DU SITE<\/strong><\/p>\n\n\n\n<p>Ce site a \u00e9t\u00e9 cr\u00e9\u00e9 par l\u2019ARMA01. Tous droits r\u00e9serv\u00e9s<\/p>\n\n\n\n<p><strong>VIE PRIVEE ET DONNEES PERSONNELLES<\/strong><\/p>\n\n\n\n<p>Les donn\u00e9es recueillies sur ce site le sont uniquement par le moyen des formulaires de cr\u00e9ation de compte et d\u2019inscriptions des classes afin de participer au rallye math de l\u2019Ain.<br>Ces donn\u00e9es sont \u00e0 l\u2019usage exclusif de l\u2019ARMA01 pour organiser la gestion du rallye et pour le contact avec les membres ou les partenaires.<\/p>\n\n\n\n<p>Elles ne font l\u2019objet d\u2019aucun traitement ext\u00e9rieur \u00e0 l\u2019activit\u00e9 de l\u2019association. Elles ne ne sont pas communiqu\u00e9es \u00e0 des tiers \u00e0 des fins commerciales, ni \u00e0 tout autre fin. Elles sont conserv\u00e9es au maximum pendant une ann\u00e9e scolaire plus un trimestre afin de faciliter le contact avec les participants au rallye.<\/p>\n\n\n\n<p>Conform\u00e9ment aux articles 39 et suivants de la loi n\u00b0&nbsp;78-17 du 6 janvier 1978 modifi\u00e9e en 2004 relative \u00e0 l\u2019informatique, aux fichiers et aux libert\u00e9s, toute personne peut obtenir communication et, le cas \u00e9ch\u00e9ant, rectification ou suppression des informations la concernant ou figurant sur ce site, en s\u2019adressant au responsable du site cit\u00e9 plus haut.<\/p>\n\n\n\n<p>Ce site est conforme \u00e0 la Loi n\u00b0&nbsp;2004-575 du 21 juin 2004 pour la confiance dans l\u2019\u00e9conomie num\u00e9rique et notamment son article 6.<\/p>\n\n\n\n<p><strong>DROIT DE PROPRIETE INTELLECTUELLE<\/strong><\/p>\n\n\n\n<p>Tous les contenus (photos, vid\u00e9os, textes) de ce site sont soumis au droit de propri\u00e9t\u00e9 intellectuelle et sont la propri\u00e9t\u00e9 exclusive de leurs auteurs. Ils ne peuvent \u00eatre copi\u00e9s, t\u00e9l\u00e9charg\u00e9s ou modifi\u00e9s sans autorisation.<\/p>\n\n\n\n<p><strong>LIMITATION DE RESPONSABILITE<\/strong><\/p>\n\n\n\n<p>Ce site peut contenir des liens vers des sites externes. L\u2019ARMA01 ne saurait \u00eatre tenue responsable des contenus figurant sur ces sites.<\/p>\n\n\n\n<p>La mise en place de liens hypertextes vers ce site internet est soumise \u00e0 une autorisation \u00e9crite et pr\u00e9alable du responsable de publication.<br>La demande d\u2019autorisation se fait par courriel (voir adresse ci-dessus ou par courrier postal).<\/p>\n\n\n\n<p>L\u2019ARMA01, \u00e9ditrice du site, se d\u00e9gage de toute responsabilit\u00e9 quant au contenu de sites tiers qui seraient li\u00e9s \u00e0 son site internet apr\u00e8s autorisation.<\/p>\n","protected":false},"excerpt":{"rendered":"<p>IDENTIFICATION DE L\u2019ASSOCIATION EDITRICE DU SITE Association du rallye math\u00e9matique transalpin, section de Bourg-en-Bresse (ARMA01) &nbsp;Association Loi 1901 &#8211; Adresse postale\u00a0:Association Rallye Math\u00e9matique de l\u2019Ain40 rue G\u00e9n\u00e9ral DELESTRAINT01000 BOURG en BRESSEM\u00e9l\u00a0: formulaire de contact HEBERGEMENT SAS OVH &#8211; http:\/\/www.ovh.com2 rue&#8230; <a class=\"more-link\" href=\"https:\/\/rallye.arma01.fr\/?page_id=47\">Continue Reading &rarr;<\/a><\/p>\n","protected":false},"author":1,"featured_media":0,"parent":0,"menu_order":0,"comment_status":"closed","ping_status":"closed","template":"","meta":{"_acf_changed":false,"footnotes":""},"class_list":["post-47","page","type-page","status-publish","hentry"],"acf":[],"_links":{"self":[{"href":"https:\/\/rallye.arma01.fr\/index.php?rest_route=\/wp\/v2\/pages\/47","targetHints":{"allow":["GET"]}}],"collection":[{"href":"https:\/\/rallye.arma01.fr\/index.php?rest_route=\/wp\/v2\/pages"}],"about":[{"href":"https:\/\/rallye.arma01.fr\/index.php?rest_route=\/wp\/v2\/types\/page"}],"author":[{"embeddable":true,"href":"https:\/\/rallye.arma01.fr\/index.php?rest_route=\/wp\/v2\/users\/1"}],"replies":[{"embeddable":true,"href":"https:\/\/rallye.arma01.fr\/index.php?rest_route=%2Fwp%2Fv2%2Fcomments&post=47"}],"version-history":[{"count":3,"href":"https:\/\/rallye.arma01.fr\/index.php?rest_route=\/wp\/v2\/pages\/47\/revisions"}],"predecessor-version":[{"id":377,"href":"https:\/\/rallye.arma01.fr\/index.php?rest_route=\/wp\/v2\/pages\/47\/revisions\/377"}],"wp:attachment":[{"href":"https:\/\/rallye.arma01.fr\/index.php?rest_route=%2Fwp%2Fv2%2Fmedia&parent=47"}],"curies":[{"name":"wp","href":"https:\/\/api.w.org\/{rel}","templated":true}]}}